0
In base 5, what is -33 - -10?
-23
In base 14, what is a6 - -2a?
d2
In base 16, what is -2 + 951?
94f
In base 16, what is 8 - 1?
7
In base 2, what is -110011100 + -11?
-110011111
In base 3, what is -101101200 + -20?
-101101220
In base 10, what is 11 + -3?
8
In base 13, what is -12 + 1568?
1556
In base 8, what is -4 - 214?
-220
In base 5, what is 10 - 2224?
-2214
In base 3, what is 0 + -20121022?
-20121022
In base 9, what is 3 + -563?
-560
In base 14, what is 10 - -7?
17
In base 7, what is -652 - 13?
-665
In base 16, what is -3 - 46?
-49
In base 12, what is -209 - -1?
-208
In base 2, what is -101 + 111101000?
111100011
In base 2, what is 11101011011 + 1?
11101011100
In base 14, what is 2 + 46?
48
In base 14, what is 1b - -17?
34
In base 2, what is -10101000 - 100?
-10101100
In base 7, what is 0 + -2443?
-2443
In base 7, what is 2 - 56?
-54
In base 3, what is 1 + -2201?
-2200
In base 16, what is -1 + -71e?
-71f
In base 3, what is 1100 + 11?
1111
In base 7, what is 1 + 1606?
1610
In base 5, what is 10 + -402?
-342
In base 9, what is 10 - -34?
44
In base 8, what is 1536 + 7?
1545
In base 13, what is -7 + 75?
6b
In base 14, what is 1 + -366?
-365
In base 5, what is 10 - -2412?
2422
In base 12, what is -5 - -58?
53
In base 10, what is 0 + 154?
154
In base 15, what is 8 + 95?
9d
In base 3, what is -100 - 102?
-202
In base 7, what is 0 + 306?
306
In base 14, what is 45 + -1?
44
In base 16, what is e + 33?
41
In base 13, what is 138 + 42?
17a
In base 6, what is -130 + -24?
-154
In base 10, what is 41 + 17?
58
In base 14, what is -5 + 4?
-1
In base 9, what is 3 - -65?
68
In base 14, what is -4 + 10c?
108
In base 3, what is -22 - 1001000?
-1001022
In base 6, what is -1 + -13453?
-13454
In base 8, what is 2 - 762?
-760
In base 14, what is -887 - -4?
-883
In base 11, what is -7669 - -3?
-7666
In base 5, what is 13134 - 3?
13131
In base 8, what is 14 + 13?
27
In base 5, what is -10 + -433?
-443
In base 7, what is 24 - 50?
-23
In base 2, what is 10001000 + -101?
10000011
In base 14, what is -5 + 219?
214
In base 9, what is 1 + -181?
-180
In base 9, what is -4 + 47?
43
In base 15, what is 4 - 34?
-30
In base 11, what is 277 + -22?
255
In base 10, what is -6 - 146?
-152
In base 16, what is -50e - -4?
-50a
In base 11, what is -11 + -18?
-29
In base 9, what is 2 + -570?
-567
In base 2, what is 1100100011 - 111?
1100011100
In base 4, what is 2 + -32111?
-32103
In base 2, what is 1110010001 + -1?
1110010000
In base 6, what is -2210 + 12?
-2154
In base 7, what is -6335 - 0?
-6335
In base 15, what is -80 + -a?
-8a
In base 4, what is 0 + -301?
-301
In base 14, what is -14c4 + 1?
-14c3
In base 5, what is -3 + 12120?
12112
In base 4, what is 0 - 1313320?
-1313320
In base 15, what is 58 + 3?
5b
In base 11, what is a0 - -1?
a1
In base 15, what is 2 + -e?
-c
In base 2, what is -100 - -11011010?
11010110
In base 4, what is 211 - -113?
330
In base 14, what is 5 + 3d?
44
In base 5, what is 2112 - 30?
2032
In base 2, what is 11000 + -10011?
101
In base 7, what is 1043 - -4?
1050
In base 11, what is -4 + 87?
83
In base 3, what is 11 - 200210?
-200122
In base 12, what is -5b75 - -2?
-5b73
In base 6, what is 2 - 10133?
-10131
In base 13, what is -3 + -229?
-22c
In base 15, what is 1 + -3e?
-3d
In base 13, what is -57 - -80?
26
In base 12, what is 261 + -a?
253
In base 12, what is -6a4 - 5?
-6a9
In base 8, what is 11 + -20?
-7
In base 7, what is 22 + -140?
-115
In base 4, what is 1303 - 113?
1130
In base 9, what is 1 + -104?
-103
In base 9, what is -436 - -3?
-433
In base 11, what is -999 - 0?
-999
In base 16, what is -132 + 0?
-132
In base 13, what is 97 - 1?
96
In base 14, what is 4 - -d?
13
In base 7, what is 1 + -465?
-464
In base 14, what is -17 - -6?
-11
In base 13, what is -133 - -17?
-119
In base 5, what is -2043 + -10?
-2103
In base 5, what is 1442 + -114?
1323
In base 9, what is -4 + -3641?
-3645
In base 5, what is 1424 + 3?
1432
In base 6, what is -4 + -1311?
-1315
In base 16, what is -6 + ec8?
ec2
In base 5, what is -20 + 120?
100
In base 10, what is 136 - 4?
132
In base 2, what is -1 + 10000?
1111
In base 6, what is 5 - -22410?
22415
In base 11, what is 23 + 16?
39
In base 9, what is 0 - 38?
-38
In base 5, what is 10 + 123320?
123330
In base 10, what is 1 - -364?
365
In base 9, what is -4567 + 3?
-4564
In base 14, what is 3 + 767?
76a
In base 14, what is -2 - -6d?
6b
In base 6, what is 11 + -33?
-22
In base 14, what is 38b - 2?
389
In base 5, what is 123 + -4?
114
In base 9, what is 1 - 33?
-32
In base 14, what is 4 - -68?
6c
In base 10, what is 1118 - -2?
1120
In base 9, what is 368 + 1?
370
In base 16, what is 1 + -4f?
-4e
In base 13, what is -5 - -51?
49
In base 10, what is 1 - -58?
59
In base 12, what is 16 - -326?
340
In base 3, what is -2012021 - 11?
-2012102
In base 15, what is 2a1d + 3?
2a21
In base 4, what is -1201 - 11?
-1212
In base 2, what is 1010101111100 + 101?
1010110000001
In base 10, what is 484 - -1?
485
In base 11, what is 5 - -475?
47a
In base 8, what is 22 + 167?
211
In base 2, what is -1111 + 110010?
100011
In base 12, what is -412 - 6?
-418
In base 9, what is 5 - 1?
4
In base 5, what is 40 - 1213?
-1123
In base 13, what is -3 - 4c?
-52
In base 4, what is 22 - 111?
-23
In base 14, what is 6 - 32?
-2a
In base 4, what is 21 - 102?
-21
In base 3, what is -1120 - -12?
-1101
In base 8, what is 451 + 3?
454
In base 7, what is -3 + -1246?
-1252
In base 5, what is 1220 - -4?
1224
In base 6, what is -32 - 25?
-101
In base 5, what is -2 - -34?
32
In base 14, what is -616 - -5?
-611
In base 3, what is 211 - -22?
1010
In base 16, what is 11 - 39?
-28
In base 12, what is 8 + a19?
a25
In base 4, what is 2 - 1301?
-1233
In base 10, what is -8 + -2?
-10
In base 16, what is 9 + -35?
-2c
In base 14, what is 6a8 + 5?
6ad
In base 6, what is -1054 - -3?
-1051
In base 2, what is 11 + -1010?
-111
In base 16, what is -cf - 1?
-d0
In base 10, what is -22 + -156?
-178
In base 9, what is -7 - -2?
-5
In base 4, what is 201 - -30?
231
In base 3, what is -22212 + -12?
-100001
In base 16, what is -ff + 23?
-dc
In base 9, what is -1015 - 2?
-1017
In base 9, what is 5 + -80?
-74
In base 11, what is 5 + -78?
-73
In base 7, what is 251 + 2?
253
In base 10, what is -9 - -5?
-4
In base 2, what is 1 - 1111000?
-1110111
In base 8, what is 20 - 1?
17
In base 16, what is 2 + 70f?
711
In base 14, what is 1 - 11d2?
-11d1
In base 4, what is 2 - 300?
-232
In base 11, what is -3 - -283?
280
In base 7, what is 50 + -3?
44
In base 2, what is -100 + 111010?
110110
In base 10, what is 8119 + -4?
8115
In base 11, what is 190 + 2?
192
In base 3, what is 1101 - 22?
1002
In base 12, what is -a - 1?
-b
In base 11, what is -22a + -3?
-232
In base 10, what is -26 - -190?
164
In base 10, what is -5 + 2373?
2368
In base 15, what is 2 - -64?
66
In base 6, what is 5 + 302?
311
In base 14, what is 20 - 16d?
-14d
In base 4, what is 123103 + -3?
123100
In base 2, what is 1011110111 + -10?
1011110101
In base 8, what is -404 + -5?
-411
In base 14, what is -d + a4?
95
In base 16, what is 1 - f0?
-ef
In base 9, what is 7 + -365?
-357
In base 3, what is 12 - -1210220?
1211002
In base 7, what is 543 + 3?
546
In base 11, what is -5054 + -3?
-5057
In base 16, what is 23 - 0?
23
In base 12, what is -1 + -16?
-17
In base 15, what is -5 - -1c6?
1c1
In base 5, what is -331 - 42?
-423
In base 12, what is 509 - 3?
506
In base 9, what is -25 + 3?
-22
In base 6, what is 0 - -505?
505
In base 9, what is 76 + -62?
14
In base 2, what is 10011111110 - 10010?
10011101100
In base 13, what is -1 - 1c7?
-1c8
In base 7, what is -22 + 536?
514
In base 7, what is -46 - -16?
-30
In base 7, what is 600 + -2?
565
In base 10, what is 285 - 6?
279
In base 15, what is -a + -7?
-12
In base 3, what is -11 - -10010?
2222
In base 7, what is -1 + 36?
35
In base 13, what is 2 + 1b64?
1b66
In base 6, what is -310 - -243?
-23
In base 11, what is 17 - -35?
51
In base 9, what is -11007 + -1?
-11008
In base 3, what is 10022 - -2?
10101
In base 12, what is 2 - 1507?
-1505
In base 14, what is -151 - -37?
-118
In base 3, what is -11 + 202000?
201212
In base 4, what is -201 + -11?
-212
In base 3, what is -2000011 + 12?
-1222222
In base 8, what is 113 + 24?
137
In base 7, what is 112430 + 5?
112435
In base 13, what is -64 - 1?
-65
In base 6, what is 